2*f = -80. Is o a composite number?
False
Let d be -54 - 4/8*-2. Let g = -46 - d. Let u = g + 50. Is u composite?
True
Let y be (-2 - 0) + 29271 - (7 + -6). Suppose 10*i = 7*i + y. Suppose 4*a = 4*h - 0*h - i, -h = -4*a - 2445. Is h a prime number?
True
Suppose 0 = -5*n + 4*i + 41423, -8287 = -4*n + 3*n + 2*i. Suppose -5*o + n = -k, -3*k = -6*k + 6. Is o composite?
False
Let x(d) = 100*d + 112. Let r be x(-1). Suppose 6*y = 3*y + 1545. Let a = y + r. Is a composite?
True
Let o = 164 + -74. Let r be o/(-5)*-45*1 + -1. Let c = r - 430. Is c a prime number?
True
Let d(c) = -4*c - 35. Let b be d(-10). Suppose 4*h + 4*j = -20, -h - j = h + b. Suppose -5*w - 2*s + 1265 = 0, 0 = -5*w - h*w - 3*s + 1265. Is w composite?
True
Let c(j) = 4*j - 16. Let q be c(2). Is 0 - 2348/q*2 prime?
True
Let v(p) = p**3 + 13*p**2 + 16*p + 90. Let s be v(-8). Suppose s*j - 288*j + 6054 = 0. Is j composite?
False
Let i = -23257 - -39434. Let m = 28078 - i. Is m prime?
False
Let r(s) = 614*s + 3687. Let c be r(-6). Let m be -2 + 7 + 0 + -1. Suppose 0 = -6*o + m*o - c*y + 239, y = -5. Is o a composite number?
False
Let s = 57 + -51. Is (-2 + -5 + s)*-745 prime?
False
Suppose 0 = -4*d - p + 1354444, 5*p + 2631 = 2671. Is d composite?
False
Suppose -87*i = -33*i - 2278314. Is i prime?
False
Let s = 848 - -7231. Let w be (-28)/(-21) + 94976/12. Suppose -s = -7*g + w. Is g prime?
False
Let y be (-2)/7 + 1/(-14)*122. Let l(z) = 8*z + 49. Let w be l(y). Let s(a) = -a**2 - 33*a + 77. Is s(w) a composite number?
False
Suppose 5*n + 3*s = 28, -7*n + 2*n = -3*s - 22. Suppose -n*f = -6*p + 4*p + 2742, 3*f + 5456 = 4*p. Is p composite?
False
Let h be 3 + 3 - (18 - 6). Is 20/30 + (-11078)/h composite?
False
Let u(q) = 401*q - 238. Let c be u(7). Suppose -c = l - 15464. Is l a composite number?
True
Suppose 34*d - 33*d = -a + 297881, 2*a - 595762 = -5*d. Is a a prime number?
True
Let f(v) = 43205*v**2 - 43200*v**2 + 2 + 3 + 13*v. Let j = 7 - 12. Is f(j) composite?
True
Let p be 176/10 - 154/(-385). Is 23918*(p/84 + (-2)/(-7)) composite?
False
Let w(u) = 14106*u**2 + 2*u + 2. Let a be w(-1). Suppose 3945 + a = 11*s. Is s composite?
True
Suppose 5*a - 3*l - 2*l - 140 = 0, 5*a - 3*l - 144 = 0. Suppose 0 = 5*w - 5*u - a, -3*u - 2*u = -2*w + 24. Suppose -234 = -w*j + 20. Is j a composite number?
False
Is 29264250/390 + (-12)/(-26) prime?
True
Suppose 181286 + 77687 = 13*u. Is u a prime number?
False
Is (-46 + 47)/((-4)/(-2789764)) a composite number?
False
Let g be 2*(60/5)/(-6). Is (-2999)/(g/6*21/14) prime?
True
Suppose -4105 = 2*n + 3*i, n + 5*i = -2*n - 6157. Let x = n + 3027. Suppose 5*q - 2*q = 4*v - 1981, 2*v - 5*q = x. Is v a prime number?
True
Suppose -349 = -3*t - 5*r, t - 2*r - 82 = 16. Suppose 0 = -p - 1139 + t. Let m = 2212 + p. Is m a prime number?
True
Suppose -2*o = -26574 - 29360. Suppose -4*x + 8053 + o = 0. Is x + (2/4)/1*0 a composite number?
True
Is 0 + -8 + 341173/7 composite?
False
Let j = -350 + 355. Is 15722 - (-4 + j - 6) a composite number?
False
Let c = 62 + -58. Suppose -2*n = 5*l - 20902, c*n = -l - l + 8364. Is (-3 - -1) + l/4 a composite number?
True
Let u(c) = -3*c - 11. Let x be u(-7). Is ((-2)/8)/(x/(-125480)) prime?
True
Suppose v = -145 + 142. Is ((-2481)/(-2))/v*(7 + -13) composite?
True
Let k = 489 + -487. Suppose 0 = 4*x - 270 + 38. Suppose 6*z = -w + k*z + x, 4*w + 2*z = 232. Is w composite?
True
Suppose 4*a = -2*i + 89514 + 434648, 0 = -4*a + 2*i + 524150. Is a a prime number?
False
Suppose 2*u - 4*m - 465222 = 0, -3*u - 2*m + 307746 = -390127. Is u prime?
True
Let t(p) = -74*p**2 + 8*p - 42. Let m(h) = -75*h**2 + 7*h - 43. Let q(b) = 5*m(b) - 6*t(b). Is q(9) prime?
False
Suppose 0 = w - 0 - 13. Let h be ((130473/(-9))/7)/((-1)/3). Suppose 0 = w*z + h - 20344. Is z a composite number?
False
Let m be (-20)/15*2/((-8)/6). Suppose 0 = m*p - 0*p + 4*f - 23374, p - f = 11678. Is p a prime number?
True
Let m(c) be the third derivative of 391*c**4/24 - 263*c**3/6 + c**2 - 14*c. Is m(7) composite?
True
Let q = -341392 + 828199. Is q prime?
False
Let p = 421126 + -156207. Is p a prime number?
True
Is (-9)/(-162)*9*9106 composite?
True
Is ((-11591456)/64)/((-1)/2) a prime number?
True
Suppose 0 = 4*o - 102354 - 34490. Is o a composite number?
False
Suppose 0 = 11*j + 9974 + 37139. Let i = 864 - j. Is i prime?
True
Let j = 138857 - 39000. Is j a composite number?
True
Let r(j) = -1 + 2*j + 12 + 0*j. Let p be r(0). Is (11 - p) + (1 - -126) prime?
True
Is (1076358/(-16))/((-324)/432)*(1 + 1) composite?
False
Let m(i) = -i**2 - 20*i - 51. Let f be m(-18). Is (-105324)/f + (-7 - (-296)/40) a prime number?
False
Let z(c) be the second derivative of -2/3*c**3 - 28*c + 0 + 293/2*c**4 - 3/2*c**2. Is z(-1) a composite number?
False
Let h be (2 - -24)*-1 + (-5 - -7). Is (-1)/6 + ((-128908)/h)/13 a prime number?
False
Let b(v) = -1169149*v**3 + 26*v**2 + 60*v + 34. Is b(-1) a composite number?
False
Suppose -2*b = 4*j - 29365 - 3327, 0 = -4*b - 5*j + 65390. Let h = -7931 + b. Is h prime?
True
Suppose -5*d + 235 = 20. Let r be 4/18 + d/9. Suppose -k = -r*k + 316. Is k prime?
True
Let f(p) = p**3 - 13*p**2 + 24*p - 17. Let t be f(7). Let g = t - -309. Is g prime?
False
Let o = -7585 + 97212. Is o composite?
False
Let x(h) be the third derivative of -161*h**4/12 - 79*h**3/2 + 3*h**2 + 5*h. Is x(-37) composite?
False
Is 4330218*(117/54 + -2) a prime number?
True
Let f(z) = 324*z**2 - 5*z + 9. Let u = -500 - -504. Is f(u) prime?
False
Let m(k) = 7*k**3 + 3*k**2 + 8*k + 4. Let z be m(-12). Is (z/6)/((-38)/57) a composite number?
False
Suppose 40002 = 303*y - 297*y. Is y composite?
True
Suppose -3 - 32 = 5*q - h, 3*q + 23 = h. Let g(s) = 521*s**2 - 9*s - 5. Is g(q) a composite number?
True
Suppose -1282*i = -1270*i - 4965072. Suppose n - 29*n = -i. Is n a prime number?
False
Suppose -2482*u = -2483*u + 19417. Is u prime?
True
Suppose -78 = 8*n - 70. Is n/(3/(-30))*(-10264)/(-16) composite?
True
Is (-3)/(-18) - 11770/(-495)*7530/8 a prime number?
True
Suppose -3*s + 2*s = -2. Suppose p - s*u = 4, -p + 3*u = -5*p + 5. Suppose 0 = -4*c + p*c + 8, -5*x - 2*c + 4453 = 0. Is x a prime number?
False
Let v(y) = 25*y**3 - 204*y**2 + 61*y + 15. Is v(23) prime?
True
Let t(r) = 2947*r + 40. Let u be t(4). Suppose 7*p - u = 11083. Is p composite?
True
Let k = 7469 + -5319. Suppose k + 15180 = 10*v. Is v a prime number?
True
Suppose -h + 4*o = -5262, -2*h - 10*o + 10557 = -7*o. Suppose -u + 2*y + h = -1949, y - 21690 = -3*u. Is u a prime number?
True
Is (-93672)/(-22) + (-38)/(-209) prime?
False
Let j = 5261 + -3562. Let w = j - -115. Is w a composite number?
True
Let x = -50 + 58. Let m be -60 + x*2/4. Is 4/14 + (-2840)/m a prime number?
False
Let v be -7 - (-5)/((-10)/(-12)). Let j(q) = 48353*q**2 - 5*q - 5. Is j(v) a prime number?
True
Let h(b) = b**3 - 6*b**2 - b + 1. Suppose 5*s = 3*q - 1 + 28, -q = -1. Let f be h(s). Let p(j) = -297*j - 8. Is p(f) composite?
True
Is (3 + 3/(-2))*(-39210930)/(-297) a prime number?
False
Suppose 4*t + 114 + 30 = 0. Let x = t - -47. Suppose x*r + 4772 = 15*r. Is r a prime number?
True
Let i(h) = 2*h - 6. Let p be i(4). Suppose -4*a - 5*c + 1035 = 0, -p*a + 2*c + 1335 = 3*a. Is a a composite number?
True
Suppose -b + 4*f + 16 = 0, 4*b - 16 = 3*b - 4*f. Let h = -15 + b. Is -4*30/(-8) - h composite?
True
Let o(u) = -26082*u**3 + 2*u**2 + 10*u + 9. Is o(-1) a composite number?
False
Let j = 81 - 36. Let s = -41 + j. Is -6*s/6 - -131 a prime number?
True
Let r = -1205 - -3972. Is r a composite number?
False
Suppose 2*j - 2*o + 4 = 0, -o = 5*j - 3*o + 10. Is j/(-4)*99732/6 a composite number?
False
Let x(y) = -y**3 - 16*y**2 + 12*y - 94. Let o be x(-17). Is (138520/(-12))/(6/o) a prime number?
False
Let v = 223958 - 89917. Is v a composite number?
True
Suppose 0*q = 2*m - q - 28, 2*q = -4. Suppose 8116 = m*c - 2375. Is c a prime number?
False
Suppose 2*m - 705 + 87 = -4*i, i = 3*m - 913. Is m a composite number?
True
Suppose -4997*a = -4983*a - 3502058. Is a composite?
False
Let t be -5*(12/15)/(-1). Suppose 5*c - 40 = 2*r, 3*c = -c - 4*r + t. Is 1 + 543/c - (-1)/(-2) a composite number?
True
Let q(i) = -2*i**2 + 22*i - 29. Let o be q(9). Suppose 21*w = o*w + 13678. Is w a prime number?
True
Let t(z) = 2*z + 38. Let h be t(-13). Is ((-4)/h)/(2/(-3930)) a p